{"id":853,"date":"2021-02-28T22:58:35","date_gmt":"2021-02-28T22:58:35","guid":{"rendered":"https:\/\/www.objectifasbl.be\/med\/?page_id=853"},"modified":"2021-07-09T13:09:11","modified_gmt":"2021-07-09T13:09:11","slug":"apprentissage-du-francais-en-immersion","status":"publish","type":"page","link":"https:\/\/www.objectifasbl.be\/med\/nos-services\/apprentissage-du-francais-en-immersion\/","title":{"rendered":"Apprentissage du fran\u00e7ais en immersion"},"content":{"rendered":"<div class=\"hero rounded background-white\">\n\n    <div class=\"wrapper\">\n                    <svg class=\"color-grey hero__icon\">\n                <use xlink:href=\"https:\/\/www.objectifasbl.be\/med\/wp-content\/themes\/objectif\/assets\/images\/symbol\/svg\/sprite.symbol.svg#icon--o\"><\/use>\n            <\/svg>\n                            <div class=\"hero__breadcrumb\">\n                <span><span><a href=\"https:\/\/www.objectifasbl.be\/med\/\">Accueil<\/a><\/span><\/span>\n            <\/div>\n                <div class=\"hero__columns\">\n            <div class=\"hero__left\">\n                <div class=\"content d-flex justify-content-center align-items-start flex-column\">\n                    \n                                            <h1 class=\"hero__title font-bold\">Apprentissage du fran\u00e7ais en immersion<\/h1>\n                    \n                                            <div class=\"hero__text font-light\"><p>Dans le cadre des cours d\u2019alpha\/FLE organis\u00e9s par Objectif, les apprenants sont amen\u00e9s \u00e0 approfondir leurs connaissances du fran\u00e7ais gr\u00e2ce \u00e0 des visites, des rencontres, des balades, \u2026 En bref, des activit\u00e9s culturelles qui les emm\u00e8nent hors des murs de notre association, \u00e0 la d\u00e9couverte de Bruxelles et de sa culture. Ces sorties sont l\u2019occasion d\u2019apprendre autrement et de s\u2019approprier certains lieux qui parfois paraissaient jusqu\u2019alors \u00e9trangers ou inaccessibles aux apprenants.<\/p>\n<\/div>\n                    \n                                    <\/div>\n            <\/div>\n            <div class=\"hero__right\">\n\n                \n                <img loading=\"lazy\" width=\"615\" height=\"455\" src=\"https:\/\/www.objectifasbl.be\/med\/wp-content\/uploads\/sites\/3\/Franc\u0327ais-en-immersion-615x455.jpg\" class=\"hero__image\" alt=\"\" decoding=\"async\" \/>\n\n                            <\/div>\n        <\/div>\n    <\/div>\n<\/div>\n\n\n\n<div class=\"basic\">\n    <div class=\"wrapper\">\n            <div class=\"basic__container text-center\">\n                                <h2 class=\"basic__title font-bold text-center\">Cours de fran\u00e7ais (alpha\/FLE)<span class=\"color-red\">.<\/span><\/h2>\n                \n                                    <div class=\"basic__text font-light text-center mb-3\">\n                        <p>Vous souhaitez vous inscrire au cours de fran\u00e7ais ? En vous inscrivant au cours de fran\u00e7ais vous aurez acc\u00e8s \u00e0 ces activit\u00e9s d\u2019apprentissage en immersion<\/p>\n\n                    <\/div>\n                \n                                    <a class=\"basic-text__cta button button--blue button--smaller mt-3\" href=\"https:\/\/www.objectifasbl.be\/med\/nos-services\/cours-de-francais\/\" target=\"\">Cours de fran\u00e7ais (alpha\/FLE)<\/a>\n                            <\/div>\n        <\/div>\n    <\/div>\n<\/div>","protected":false},"excerpt":{"rendered":"","protected":false},"author":2,"featured_media":0,"parent":215,"menu_order":0,"comment_status":"closed","ping_status":"closed","template":"","meta":{"content-type":"","inline_featured_image":false,"footnotes":""},"acf":[],"yoast_head":"<!-- This site is optimized with the Yoast SEO plugin v21.5 - https:\/\/yoast.com\/wordpress\/plugins\/seo\/ -->\n<title>Apprentissage du fran\u00e7ais en immersion - Objectif<\/title>\n<meta name=\"robots\" content=\"index, follow, max-snippet:-1, max-image-preview:large, max-video-preview:-1\" \/>\n<link rel=\"canonical\" href=\"https:\/\/www.objectifasbl.be\/med\/nos-services\/apprentissage-du-francais-en-immersion\/\" \/>\n<meta property=\"og:locale\" content=\"fr_FR\" \/>\n<meta property=\"og:type\" content=\"article\" \/>\n<meta property=\"og:title\" content=\"Apprentissage du fran\u00e7ais en immersion - Objectif\" \/>\n<meta property=\"og:url\" content=\"https:\/\/www.objectifasbl.be\/med\/nos-services\/apprentissage-du-francais-en-immersion\/\" \/>\n<meta property=\"og:site_name\" content=\"Objectif\" \/>\n<meta property=\"article:modified_time\" content=\"2021-07-09T13:09:11+00:00\" \/>\n<meta name=\"twitter:card\" content=\"summary_large_image\" \/>\n<script type=\"application\/ld+json\" class=\"yoast-schema-graph\">{\"@context\":\"https:\/\/schema.org\",\"@graph\":[{\"@type\":\"WebPage\",\"@id\":\"https:\/\/www.objectifasbl.be\/med\/nos-services\/apprentissage-du-francais-en-immersion\/\",\"url\":\"https:\/\/www.objectifasbl.be\/med\/nos-services\/apprentissage-du-francais-en-immersion\/\",\"name\":\"Apprentissage du fran\u00e7ais en immersion - Objectif\",\"isPartOf\":{\"@id\":\"https:\/\/www.objectifasbl.be\/med\/#website\"},\"datePublished\":\"2021-02-28T22:58:35+00:00\",\"dateModified\":\"2021-07-09T13:09:11+00:00\",\"breadcrumb\":{\"@id\":\"https:\/\/www.objectifasbl.be\/med\/nos-services\/apprentissage-du-francais-en-immersion\/#breadcrumb\"},\"inLanguage\":\"fr-BE\",\"potentialAction\":[{\"@type\":\"ReadAction\",\"target\":[\"https:\/\/www.objectifasbl.be\/med\/nos-services\/apprentissage-du-francais-en-immersion\/\"]}]},{\"@type\":\"BreadcrumbList\",\"@id\":\"https:\/\/www.objectifasbl.be\/med\/nos-services\/apprentissage-du-francais-en-immersion\/#breadcrumb\",\"itemListElement\":[{\"@type\":\"ListItem\",\"position\":1,\"name\":\"Accueil\",\"item\":\"https:\/\/www.objectifasbl.be\/med\/\"},{\"@type\":\"ListItem\",\"position\":2,\"name\":\"Nos Services\",\"item\":\"https:\/\/www.objectifasbl.be\/med\/nos-services\/\"},{\"@type\":\"ListItem\",\"position\":3,\"name\":\"Apprentissage du fran\u00e7ais en immersion\"}]},{\"@type\":\"WebSite\",\"@id\":\"https:\/\/www.objectifasbl.be\/med\/#website\",\"url\":\"https:\/\/www.objectifasbl.be\/med\/\",\"name\":\"Objectif\",\"description\":\"Beweging voor gelijke rechten\",\"potentialAction\":[{\"@type\":\"SearchAction\",\"target\":{\"@type\":\"EntryPoint\",\"urlTemplate\":\"https:\/\/www.objectifasbl.be\/med\/?s={search_term_string}\"},\"query-input\":\"required name=search_term_string\"}],\"inLanguage\":\"fr-BE\"}]}<\/script>\n<!-- \/ Yoast SEO plugin. -->","yoast_head_json":{"title":"Apprentissage du fran\u00e7ais en immersion - Objectif","robots":{"index":"index","follow":"follow","max-snippet":"max-snippet:-1","max-image-preview":"max-image-preview:large","max-video-preview":"max-video-preview:-1"},"canonical":"https:\/\/www.objectifasbl.be\/med\/nos-services\/apprentissage-du-francais-en-immersion\/","og_locale":"fr_FR","og_type":"article","og_title":"Apprentissage du fran\u00e7ais en immersion - Objectif","og_url":"https:\/\/www.objectifasbl.be\/med\/nos-services\/apprentissage-du-francais-en-immersion\/","og_site_name":"Objectif","article_modified_time":"2021-07-09T13:09:11+00:00","twitter_card":"summary_large_image","schema":{"@context":"https:\/\/schema.org","@graph":[{"@type":"WebPage","@id":"https:\/\/www.objectifasbl.be\/med\/nos-services\/apprentissage-du-francais-en-immersion\/","url":"https:\/\/www.objectifasbl.be\/med\/nos-services\/apprentissage-du-francais-en-immersion\/","name":"Apprentissage du fran\u00e7ais en immersion - Objectif","isPartOf":{"@id":"https:\/\/www.objectifasbl.be\/med\/#website"},"datePublished":"2021-02-28T22:58:35+00:00","dateModified":"2021-07-09T13:09:11+00:00","breadcrumb":{"@id":"https:\/\/www.objectifasbl.be\/med\/nos-services\/apprentissage-du-francais-en-immersion\/#breadcrumb"},"inLanguage":"fr-BE","potentialAction":[{"@type":"ReadAction","target":["https:\/\/www.objectifasbl.be\/med\/nos-services\/apprentissage-du-francais-en-immersion\/"]}]},{"@type":"BreadcrumbList","@id":"https:\/\/www.objectifasbl.be\/med\/nos-services\/apprentissage-du-francais-en-immersion\/#breadcrumb","itemListElement":[{"@type":"ListItem","position":1,"name":"Accueil","item":"https:\/\/www.objectifasbl.be\/med\/"},{"@type":"ListItem","position":2,"name":"Nos Services","item":"https:\/\/www.objectifasbl.be\/med\/nos-services\/"},{"@type":"ListItem","position":3,"name":"Apprentissage du fran\u00e7ais en immersion"}]},{"@type":"WebSite","@id":"https:\/\/www.objectifasbl.be\/med\/#website","url":"https:\/\/www.objectifasbl.be\/med\/","name":"Objectif","description":"Beweging voor gelijke rechten","potentialAction":[{"@type":"SearchAction","target":{"@type":"EntryPoint","urlTemplate":"https:\/\/www.objectifasbl.be\/med\/?s={search_term_string}"},"query-input":"required name=search_term_string"}],"inLanguage":"fr-BE"}]}},"lang":"fr","translations":{"fr":853},"pll_sync_post":[],"_links":{"self":[{"href":"https:\/\/www.objectifasbl.be\/med\/wp-json\/wp\/v2\/pages\/853"}],"collection":[{"href":"https:\/\/www.objectifasbl.be\/med\/wp-json\/wp\/v2\/pages"}],"about":[{"href":"https:\/\/www.objectifasbl.be\/med\/wp-json\/wp\/v2\/types\/page"}],"author":[{"embeddable":true,"href":"https:\/\/www.objectifasbl.be\/med\/wp-json\/wp\/v2\/users\/2"}],"replies":[{"embeddable":true,"href":"https:\/\/www.objectifasbl.be\/med\/wp-json\/wp\/v2\/comments?post=853"}],"version-history":[{"count":3,"href":"https:\/\/www.objectifasbl.be\/med\/wp-json\/wp\/v2\/pages\/853\/revisions"}],"predecessor-version":[{"id":2315,"href":"https:\/\/www.objectifasbl.be\/med\/wp-json\/wp\/v2\/pages\/853\/revisions\/2315"}],"up":[{"embeddable":true,"href":"https:\/\/www.objectifasbl.be\/med\/wp-json\/wp\/v2\/pages\/215"}],"wp:attachment":[{"href":"https:\/\/www.objectifasbl.be\/med\/wp-json\/wp\/v2\/media?parent=853"}],"curies":[{"name":"wp","href":"https:\/\/api.w.org\/{rel}","templated":true}]}}

Apprentissage du français en immersion

<div class="hero rounded background-white">

    <div class="wrapper">
                    <svg class="color-grey hero__icon">
                <use xlink:href="https://www.objectifasbl.be/med/wp-content/themes/objectif/assets/images/symbol/svg/sprite.symbol.svg#icon--o"></use>
            </svg>
                            <div class="hero__breadcrumb">
                <span><span><a href="https://www.objectifasbl.be/med/">Accueil</a></span></span>
            </div>
                <div class="hero__columns">
            <div class="hero__left">
                <div class="content d-flex justify-content-center align-items-start flex-column">
                    
                                            <h1 class="hero__title font-bold">Apprentissage du français en immersion</h1>
                    
                                            <div class="hero__text font-light"><p>Dans le cadre des cours d’alpha/FLE organisés par Objectif, les apprenants sont amenés à approfondir leurs connaissances du français grâce à des visites, des rencontres, des balades, … En bref, des activités culturelles qui les emmènent hors des murs de notre association, à la découverte de Bruxelles et de sa culture. Ces sorties sont l’occasion d’apprendre autrement et de s’approprier certains lieux qui parfois paraissaient jusqu’alors étrangers ou inaccessibles aux apprenants.</p>
</div>
                    
                                    </div>
            </div>
            <div class="hero__right">

                
                <img loading="lazy" width="615" height="455" src="https://www.objectifasbl.be/med/wp-content/uploads/sites/3/Français-en-immersion-615x455.jpg" class="hero__image" alt="" decoding="async" />

                            </div>
        </div>
    </div>
</div>



<div class="basic">
    <div class="wrapper">
            <div class="basic__container text-center">
                                <h2 class="basic__title font-bold text-center">Cours de français (alpha/FLE)<span class="color-red">.</span></h2>
                
                                    <div class="basic__text font-light text-center mb-3">
                        <p>Vous souhaitez vous inscrire au cours de français ? En vous inscrivant au cours de français vous aurez accès à ces activités d’apprentissage en immersion</p>

                    </div>
                
                                    <a class="basic-text__cta button button--blue button--smaller mt-3" href="https://www.objectifasbl.be/med/nos-services/cours-de-francais/" target="">Cours de français (alpha/FLE)</a>
                            </div>
        </div>
    </div>
</div>

<!-- This site is optimized with the Yoast SEO plugin v21.5 - https://yoast.com/wordpress/plugins/seo/ -->
<title>Apprentissage du français en immersion - Objectif</title>
<meta name="robots" content="index, follow, max-snippet:-1, max-image-preview:large, max-video-preview:-1" />
<link rel="canonical" href="https://www.objectifasbl.be/med/nos-services/apprentissage-du-francais-en-immersion/" />
<meta property="og:locale" content="fr_FR" />
<meta property="og:type" content="article" />
<meta property="og:title" content="Apprentissage du français en immersion - Objectif" />
<meta property="og:url" content="https://www.objectifasbl.be/med/nos-services/apprentissage-du-francais-en-immersion/" />
<meta property="og:site_name" content="Objectif" />
<meta property="article:modified_time" content="2021-07-09T13:09:11+00:00" />
<meta name="twitter:card" content="summary_large_image" />
<script type="application/ld+json" class="yoast-schema-graph">{"@context":"https://schema.org","@graph":[{"@type":"WebPage","@id":"https://www.objectifasbl.be/med/nos-services/apprentissage-du-francais-en-immersion/","url":"https://www.objectifasbl.be/med/nos-services/apprentissage-du-francais-en-immersion/","name":"Apprentissage du français en immersion - Objectif","isPartOf":{"@id":"https://www.objectifasbl.be/med/#website"},"datePublished":"2021-02-28T22:58:35+00:00","dateModified":"2021-07-09T13:09:11+00:00","breadcrumb":{"@id":"https://www.objectifasbl.be/med/nos-services/apprentissage-du-francais-en-immersion/#breadcrumb"},"inLanguage":"fr-BE","potentialAction":[{"@type":"ReadAction","target":["https://www.objectifasbl.be/med/nos-services/apprentissage-du-francais-en-immersion/"]}]},{"@type":"BreadcrumbList","@id":"https://www.objectifasbl.be/med/nos-services/apprentissage-du-francais-en-immersion/#breadcrumb","itemListElement":[{"@type":"ListItem","position":1,"name":"Accueil","item":"https://www.objectifasbl.be/med/"},{"@type":"ListItem","position":2,"name":"Nos Services","item":"https://www.objectifasbl.be/med/nos-services/"},{"@type":"ListItem","position":3,"name":"Apprentissage du français en immersion"}]},{"@type":"WebSite","@id":"https://www.objectifasbl.be/med/#website","url":"https://www.objectifasbl.be/med/","name":"Objectif","description":"Beweging voor gelijke rechten","potentialAction":[{"@type":"SearchAction","target":{"@type":"EntryPoint","urlTemplate":"https://www.objectifasbl.be/med/?s={search_term_string}"},"query-input":"required name=search_term_string"}],"inLanguage":"fr-BE"}]}</script>
<!-- / Yoast SEO plugin. -->

Apprentissage du français en immersion - Objectif
